{"id":836,"date":"2023-10-27T14:24:31","date_gmt":"2023-10-27T12:24:31","guid":{"rendered":"https:\/\/naturbad-sauensiek.de\/CMS\/wordpress\/?page_id=836"},"modified":"2024-04-26T17:51:13","modified_gmt":"2024-04-26T15:51:13","slug":"interessantes","status":"publish","type":"page","link":"https:\/\/naturbad-sauensiek.de\/CMS\/wordpress\/interessantes\/","title":{"rendered":"Interessantes"},"content":{"rendered":"\t\t<div data-elementor-type=\"wp-page\" data-elementor-id=\"836\" class=\"elementor elementor-836\">\n\t\t\t\t<div class=\"elementor-element elementor-element-08f6cb4 e-flex e-con-boxed e-con e-parent\" data-id=\"08f6cb4\" data-element_type=\"container\">\n\t\t\t\t\t<div class=\"e-con-inner\">\n\t\t\t\t<div class=\"elementor-element elementor-element-1d745d0 elementor-widget elementor-widget-heading\" data-id=\"1d745d0\" data-element_type=\"widget\" data-widget_type=\"heading.default\">\n\t\t\t\t<div class=\"elementor-widget-container\">\n\t\t\t\t\t<h1 class=\"elementor-heading-title elementor-size-default\">Interessantes<\/h1>\t\t\t\t<\/div>\n\t\t\t\t<\/div>\n\t\t\t\t<div class=\"elementor-element elementor-element-0a16772 elementor-widget elementor-widget-text-editor\" data-id=\"0a16772\" data-element_type=\"widget\" data-widget_type=\"text-editor.default\">\n\t\t\t\t<div class=\"elementor-widget-container\">\n\t\t\t\t\t\t\t\t\t<p>Hier findet ihr die neusten Nachrichten aus dem Naturbad oder auch, was es in der Vergangenheit so Berichtenswertes gab.<\/p>\t\t\t\t\t\t\t\t<\/div>\n\t\t\t\t<\/div>\n\t\t\t\t\t<\/div>\n\t\t\t\t<\/div>\n\t\t\t\t<section class=\"elementor-section elementor-top-section elementor-element elementor-element-4f93b2e5 elementor-section-boxed elementor-section-height-default elementor-section-height-default\" data-id=\"4f93b2e5\" data-element_type=\"section\">\n\t\t\t\t\t\t<div class=\"elementor-container elementor-column-gap-default\">\n\t\t\t\t\t<div class=\"elementor-column elementor-col-100 elementor-top-column elementor-element elementor-element-290876df\" data-id=\"290876df\" data-element_type=\"column\">\n\t\t\t<div class=\"elementor-widget-wrap elementor-element-populated\">\n\t\t\t\t\t\t<div class=\"elementor-element elementor-element-4dd2a31e elementor-grid-eael-col-3 elementor-grid-tablet-eael-col-2 elementor-grid-mobile-eael-col-1 elementor-widget elementor-widget-eael-post-grid\" data-id=\"4dd2a31e\" data-element_type=\"widget\" data-settings=\"{&quot;eael_post_grid_columns&quot;:&quot;eael-col-3&quot;,&quot;eael_post_grid_columns_tablet&quot;:&quot;eael-col-2&quot;,&quot;eael_post_grid_columns_mobile&quot;:&quot;eael-col-1&quot;}\" data-widget_type=\"eael-post-grid.default\">\n\t\t\t\t<div class=\"elementor-widget-container\">\n\t\t\t\t\t<div id=\"eael-post-grid-4dd2a31e\" class=\"eael-post-grid-container\">\n            <div class=\"eael-post-grid eael-post-appender eael-post-appender-4dd2a31e eael-post-grid-style-one\" data-layout-mode=\"grid\"><article class=\"eael-grid-post  eael-post-grid-column eael-pg-post-4221 category-interessantes-neues tags-faq\" data-id=\"4221\">\n        <div class=\"eael-grid-post-holder\">\n            <div class=\"eael-grid-post-holder-inner\"><div class=\"eael-entry-media\"><div class=\"eael-entry-overlay fade-in\"><i class=\"fas fa-long-arrow-alt-right\" aria-hidden=\"true\"><\/i><a href=\"https:\/\/naturbad-sauensiek.de\/CMS\/wordpress\/vielen-dank-fuer-eure-stimmen\/\"><\/a><\/div><div class=\"eael-entry-thumbnail \">\n                <img fetchpriority=\"high\" decoding=\"async\" width=\"1432\" height=\"952\" src=\"https:\/\/naturbad-sauensiek.de\/CMS\/wordpress\/wp-content\/uploads\/2026\/02\/Naturbad-Sauensiek-Gewinner_EWE-Klimawettbewerb-feat.png\" class=\"attachment-full size-full wp-image-4390\" alt=\"Naturbad-Sauensiek-Gewinner_EWE-Klimawettbewerb-feat\" srcset=\"https:\/\/naturbad-sauensiek.de\/CMS\/wordpress\/wp-content\/uploads\/2026\/02\/Naturbad-Sauensiek-Gewinner_EWE-Klimawettbewerb-feat.png 1432w, https:\/\/naturbad-sauensiek.de\/CMS\/wordpress\/wp-content\/uploads\/2026\/02\/Naturbad-Sauensiek-Gewinner_EWE-Klimawettbewerb-feat-300x199.png 300w, https:\/\/naturbad-sauensiek.de\/CMS\/wordpress\/wp-content\/uploads\/2026\/02\/Naturbad-Sauensiek-Gewinner_EWE-Klimawettbewerb-feat-1200x798.png 1200w, https:\/\/naturbad-sauensiek.de\/CMS\/wordpress\/wp-content\/uploads\/2026\/02\/Naturbad-Sauensiek-Gewinner_EWE-Klimawettbewerb-feat-768x511.png 768w\" sizes=\"(max-width: 1432px) 100vw, 1432px\" \/>\n            <\/div>\n        <\/div><div class=\"eael-entry-wrapper\"><header class=\"eael-entry-header\"><h2 class=\"eael-entry-title\"><a class=\"eael-grid-post-link\" href=\"https:\/\/naturbad-sauensiek.de\/CMS\/wordpress\/vielen-dank-fuer-eure-stimmen\/\" title=\"Vielen Dank f\u00fcr eure Stimmen\">Vielen Dank f\u00fcr eure Stimmen<\/a><\/h2><\/header><div class=\"eael-entry-content\">\n                        <div class=\"eael-grid-post-excerpt\"><p>Wir haben mit Hilfe vieler Freunde unseres Naturbads beim EWE-Klimawettbewerb f\u00fcr die Weser-Elbe Region den 1.Platz belegt.<\/p><a href=\"https:\/\/naturbad-sauensiek.de\/CMS\/wordpress\/vielen-dank-fuer-eure-stimmen\/\" class=\"eael-post-elements-readmore-btn\">mehr<\/a><\/div>\n                    <\/div><div class=\"eael-entry-footer\"><div class=\"eael-entry-meta\"><span class=\"eael-posted-on\"><time datetime=\"24. M\u00e4rz 2026\">24. M\u00e4rz 2026<\/time><\/span><\/div><\/div><\/div><\/div>\n        <\/div>\n    <\/article><article class=\"eael-grid-post  eael-post-grid-column eael-pg-post-4414 category-helferaktionen-interessantes-mitglieder\" data-id=\"4414\">\n        <div class=\"eael-grid-post-holder\">\n            <div class=\"eael-grid-post-holder-inner\"><div class=\"eael-entry-media\"><div class=\"eael-entry-overlay fade-in\"><i class=\"fas fa-long-arrow-alt-right\" aria-hidden=\"true\"><\/i><a href=\"https:\/\/naturbad-sauensiek.de\/CMS\/wordpress\/fruehjahrsputz-2026\/\"><\/a><\/div><div class=\"eael-entry-thumbnail \">\n                <img decoding=\"async\" width=\"1600\" height=\"915\" src=\"https:\/\/naturbad-sauensiek.de\/CMS\/wordpress\/wp-content\/uploads\/2026\/04\/Naturbad-Sauensiek-2026-76310-e1775641352544.jpg\" class=\"attachment-full size-full wp-image-4436\" alt=\"Naturbad Sauensiek Fr\u00fchjahrsarbeiten 2026\" srcset=\"https:\/\/naturbad-sauensiek.de\/CMS\/wordpress\/wp-content\/uploads\/2026\/04\/Naturbad-Sauensiek-2026-76310-e1775641352544.jpg 1600w, https:\/\/naturbad-sauensiek.de\/CMS\/wordpress\/wp-content\/uploads\/2026\/04\/Naturbad-Sauensiek-2026-76310-e1775641352544-300x172.jpg 300w, https:\/\/naturbad-sauensiek.de\/CMS\/wordpress\/wp-content\/uploads\/2026\/04\/Naturbad-Sauensiek-2026-76310-e1775641352544-1200x686.jpg 1200w, https:\/\/naturbad-sauensiek.de\/CMS\/wordpress\/wp-content\/uploads\/2026\/04\/Naturbad-Sauensiek-2026-76310-e1775641352544-768x439.jpg 768w, https:\/\/naturbad-sauensiek.de\/CMS\/wordpress\/wp-content\/uploads\/2026\/04\/Naturbad-Sauensiek-2026-76310-e1775641352544-1536x878.jpg 1536w\" sizes=\"(max-width: 1600px) 100vw, 1600px\" \/>\n            <\/div>\n        <\/div><div class=\"eael-entry-wrapper\"><header class=\"eael-entry-header\"><h2 class=\"eael-entry-title\"><a class=\"eael-grid-post-link\" href=\"https:\/\/naturbad-sauensiek.de\/CMS\/wordpress\/fruehjahrsputz-2026\/\" title=\"Fr\u00fchjahrsputz 2026 \u2013 Veranstaltung in 4 Akten\">Fr\u00fchjahrsputz 2026 \u2013 Veranstaltung in 4 Akten<\/a><\/h2><\/header><div class=\"eael-entry-content\">\n                        <div class=\"eael-grid-post-excerpt\"><p>Auch im Fr\u00fchjahr 2026 muss das Bad wieder f\u00fcr die Badesaison vorbereitet werden. Freiwillige helfen dabei.<\/p><a href=\"https:\/\/naturbad-sauensiek.de\/CMS\/wordpress\/fruehjahrsputz-2026\/\" class=\"eael-post-elements-readmore-btn\">mehr<\/a><\/div>\n                    <\/div><div class=\"eael-entry-footer\"><div class=\"eael-entry-meta\"><span class=\"eael-posted-on\"><time datetime=\"22. M\u00e4rz 2026\">22. M\u00e4rz 2026<\/time><\/span><\/div><\/div><\/div><\/div>\n        <\/div>\n    <\/article><article class=\"eael-grid-post  eael-post-grid-column eael-pg-post-4193 category-helfer-interessantes-mitglieder\" data-id=\"4193\">\n        <div class=\"eael-grid-post-holder\">\n            <div class=\"eael-grid-post-holder-inner\"><div class=\"eael-entry-media\"><div class=\"eael-entry-overlay fade-in\"><i class=\"fas fa-long-arrow-alt-right\" aria-hidden=\"true\"><\/i><a href=\"https:\/\/naturbad-sauensiek.de\/CMS\/wordpress\/mitgliederversammlung-2026\/\"><\/a><\/div><div class=\"eael-entry-thumbnail \">\n                <img decoding=\"async\" width=\"300\" height=\"156\" src=\"https:\/\/naturbad-sauensiek.de\/CMS\/wordpress\/wp-content\/uploads\/2024\/05\/Logo_Naturbad-Sauensiek_2024_weblogo.jpg\" class=\"attachment-full size-full wp-image-63\" alt=\"Naturbad Sauensiek Logo300\" \/>\n            <\/div>\n        <\/div><div class=\"eael-entry-wrapper\"><header class=\"eael-entry-header\"><h2 class=\"eael-entry-title\"><a class=\"eael-grid-post-link\" href=\"https:\/\/naturbad-sauensiek.de\/CMS\/wordpress\/mitgliederversammlung-2026\/\" title=\"Mitgliederversammlung 2026 war am 4. M\u00e4rz\">Mitgliederversammlung 2026 war am 4. M\u00e4rz<\/a><\/h2><\/header><div class=\"eael-entry-content\">\n                        <div class=\"eael-grid-post-excerpt\"><p>Mitgliederversammlung 2026 war am 4. M\u00e4rz in Sauensiek.<\/p><a href=\"https:\/\/naturbad-sauensiek.de\/CMS\/wordpress\/mitgliederversammlung-2026\/\" class=\"eael-post-elements-readmore-btn\">mehr<\/a><\/div>\n                    <\/div><div class=\"eael-entry-footer\"><div class=\"eael-entry-meta\"><span class=\"eael-posted-on\"><time datetime=\"5. M\u00e4rz 2026\">5. M\u00e4rz 2026<\/time><\/span><\/div><\/div><\/div><\/div>\n        <\/div>\n    <\/article><article class=\"eael-grid-post  eael-post-grid-column eael-pg-post-4021 category-helferfest-interessantes-mitglieder\" data-id=\"4021\">\n        <div class=\"eael-grid-post-holder\">\n            <div class=\"eael-grid-post-holder-inner\"><div class=\"eael-entry-media\"><div class=\"eael-entry-overlay fade-in\"><i class=\"fas fa-long-arrow-alt-right\" aria-hidden=\"true\"><\/i><a href=\"https:\/\/naturbad-sauensiek.de\/CMS\/wordpress\/helferfest-2025\/\"><\/a><\/div><div class=\"eael-entry-thumbnail \">\n                <img loading=\"lazy\" decoding=\"async\" width=\"800\" height=\"533\" src=\"https:\/\/naturbad-sauensiek.de\/CMS\/wordpress\/wp-content\/uploads\/2025\/09\/Naturbad-Sauensiek-Helferfest-feat.jpg\" class=\"attachment-full size-full wp-image-4096\" alt=\"Naturbad Sauensiek Helferfest 2025\" srcset=\"https:\/\/naturbad-sauensiek.de\/CMS\/wordpress\/wp-content\/uploads\/2025\/09\/Naturbad-Sauensiek-Helferfest-feat.jpg 800w, https:\/\/naturbad-sauensiek.de\/CMS\/wordpress\/wp-content\/uploads\/2025\/09\/Naturbad-Sauensiek-Helferfest-feat-300x200.jpg 300w, https:\/\/naturbad-sauensiek.de\/CMS\/wordpress\/wp-content\/uploads\/2025\/09\/Naturbad-Sauensiek-Helferfest-feat-768x512.jpg 768w\" sizes=\"(max-width: 800px) 100vw, 800px\" \/>\n            <\/div>\n        <\/div><div class=\"eael-entry-wrapper\"><header class=\"eael-entry-header\"><h2 class=\"eael-entry-title\"><a class=\"eael-grid-post-link\" href=\"https:\/\/naturbad-sauensiek.de\/CMS\/wordpress\/helferfest-2025\/\" title=\"Und j\u00e4hrlich gr\u00fc\u00dft das Murmeltier &#8211; Helferfest 2025\">Und j\u00e4hrlich gr\u00fc\u00dft das Murmeltier &#8211; Helferfest 2025<\/a><\/h2><\/header><div class=\"eael-entry-content\">\n                        <div class=\"eael-grid-post-excerpt\"><p>Helferfest und letzter Tag der Badesaison waren auch in diesem Jahr wieder am gleichen Tag. Allerdings hatte bei 16\u00baC Wassertemperatur kaum noch jemand Lust zu baden.<\/p><a href=\"https:\/\/naturbad-sauensiek.de\/CMS\/wordpress\/helferfest-2025\/\" class=\"eael-post-elements-readmore-btn\">mehr<\/a><\/div>\n                    <\/div><div class=\"eael-entry-footer\"><div class=\"eael-entry-meta\"><span class=\"eael-posted-on\"><time datetime=\"15. September 2025\">15. September 2025<\/time><\/span><\/div><\/div><\/div><\/div>\n        <\/div>\n    <\/article><article class=\"eael-grid-post  eael-post-grid-column eael-pg-post-3901 category-interessantes\" data-id=\"3901\">\n        <div class=\"eael-grid-post-holder\">\n            <div class=\"eael-grid-post-holder-inner\"><div class=\"eael-entry-media\"><div class=\"eael-entry-overlay fade-in\"><i class=\"fas fa-long-arrow-alt-right\" aria-hidden=\"true\"><\/i><a href=\"https:\/\/naturbad-sauensiek.de\/CMS\/wordpress\/feuerwehruebung\/\"><\/a><\/div><div class=\"eael-entry-thumbnail \">\n                <img loading=\"lazy\" decoding=\"async\" width=\"1600\" height=\"738\" src=\"https:\/\/naturbad-sauensiek.de\/CMS\/wordpress\/wp-content\/uploads\/2025\/07\/Naturbad-Sauensiek-JugendFeuerwehr_3.jpg\" class=\"attachment-full size-full wp-image-3905\" alt=\"Naturbad Sauensiek JugendFeuerwehr\" srcset=\"https:\/\/naturbad-sauensiek.de\/CMS\/wordpress\/wp-content\/uploads\/2025\/07\/Naturbad-Sauensiek-JugendFeuerwehr_3.jpg 1600w, https:\/\/naturbad-sauensiek.de\/CMS\/wordpress\/wp-content\/uploads\/2025\/07\/Naturbad-Sauensiek-JugendFeuerwehr_3-300x138.jpg 300w, https:\/\/naturbad-sauensiek.de\/CMS\/wordpress\/wp-content\/uploads\/2025\/07\/Naturbad-Sauensiek-JugendFeuerwehr_3-1200x554.jpg 1200w, https:\/\/naturbad-sauensiek.de\/CMS\/wordpress\/wp-content\/uploads\/2025\/07\/Naturbad-Sauensiek-JugendFeuerwehr_3-768x354.jpg 768w, https:\/\/naturbad-sauensiek.de\/CMS\/wordpress\/wp-content\/uploads\/2025\/07\/Naturbad-Sauensiek-JugendFeuerwehr_3-1536x708.jpg 1536w\" sizes=\"(max-width: 1600px) 100vw, 1600px\" \/>\n            <\/div>\n        <\/div><div class=\"eael-entry-wrapper\"><header class=\"eael-entry-header\"><h2 class=\"eael-entry-title\"><a class=\"eael-grid-post-link\" href=\"https:\/\/naturbad-sauensiek.de\/CMS\/wordpress\/feuerwehruebung\/\" title=\"Die Jugendfeuerwehr Sauensiek \u00fcbt\">Die Jugendfeuerwehr Sauensiek \u00fcbt<\/a><\/h2><\/header><div class=\"eael-entry-content\">\n                        <div class=\"eael-grid-post-excerpt\"><p>Die Jugendfeuerwehr Sauensiek absolviert ihren letzten Dienst vor der Sommerpause im Naturbad.<\/p><a href=\"https:\/\/naturbad-sauensiek.de\/CMS\/wordpress\/feuerwehruebung\/\" class=\"eael-post-elements-readmore-btn\">mehr<\/a><\/div>\n                    <\/div><div class=\"eael-entry-footer\"><div class=\"eael-entry-meta\"><span class=\"eael-posted-on\"><time datetime=\"15. Juli 2025\">15. Juli 2025<\/time><\/span><\/div><\/div><\/div><\/div>\n        <\/div>\n    <\/article><article class=\"eael-grid-post  eael-post-grid-column eael-pg-post-3932 category-helfer-interessantes-rasendienst\" data-id=\"3932\">\n        <div class=\"eael-grid-post-holder\">\n            <div class=\"eael-grid-post-holder-inner\"><div class=\"eael-entry-media\"><div class=\"eael-entry-overlay fade-in\"><i class=\"fas fa-long-arrow-alt-right\" aria-hidden=\"true\"><\/i><a href=\"https:\/\/naturbad-sauensiek.de\/CMS\/wordpress\/rasenmaeher-in-aktion\/\"><\/a><\/div><div class=\"eael-entry-thumbnail \">\n                <img loading=\"lazy\" decoding=\"async\" width=\"1600\" height=\"1067\" src=\"https:\/\/naturbad-sauensiek.de\/CMS\/wordpress\/wp-content\/uploads\/2025\/07\/Naturbad-Sauensiek-Rasenmaeher-45.jpg\" class=\"attachment-full size-full wp-image-3921\" alt=\"Naturbad Sauensiek Rasenmaeher\" srcset=\"https:\/\/naturbad-sauensiek.de\/CMS\/wordpress\/wp-content\/uploads\/2025\/07\/Naturbad-Sauensiek-Rasenmaeher-45.jpg 1600w, https:\/\/naturbad-sauensiek.de\/CMS\/wordpress\/wp-content\/uploads\/2025\/07\/Naturbad-Sauensiek-Rasenmaeher-45-300x200.jpg 300w, https:\/\/naturbad-sauensiek.de\/CMS\/wordpress\/wp-content\/uploads\/2025\/07\/Naturbad-Sauensiek-Rasenmaeher-45-1200x800.jpg 1200w, https:\/\/naturbad-sauensiek.de\/CMS\/wordpress\/wp-content\/uploads\/2025\/07\/Naturbad-Sauensiek-Rasenmaeher-45-768x512.jpg 768w, https:\/\/naturbad-sauensiek.de\/CMS\/wordpress\/wp-content\/uploads\/2025\/07\/Naturbad-Sauensiek-Rasenmaeher-45-1536x1024.jpg 1536w\" sizes=\"(max-width: 1600px) 100vw, 1600px\" \/>\n            <\/div>\n        <\/div><div class=\"eael-entry-wrapper\"><header class=\"eael-entry-header\"><h2 class=\"eael-entry-title\"><a class=\"eael-grid-post-link\" href=\"https:\/\/naturbad-sauensiek.de\/CMS\/wordpress\/rasenmaeher-in-aktion\/\" title=\"Rasenm\u00e4her in Aktion\">Rasenm\u00e4her in Aktion<\/a><\/h2><\/header><div class=\"eael-entry-content\">\n                        <div class=\"eael-grid-post-excerpt\"><p>Die Teams der Rasenm\u00e4her sorgen wieder f\u00fcr eine gepflegte und sichere Rasenfl\u00e4che.<\/p><a href=\"https:\/\/naturbad-sauensiek.de\/CMS\/wordpress\/rasenmaeher-in-aktion\/\" class=\"eael-post-elements-readmore-btn\">mehr<\/a><\/div>\n                    <\/div><div class=\"eael-entry-footer\"><div class=\"eael-entry-meta\"><span class=\"eael-posted-on\"><time datetime=\"6. Juni 2025\">6. Juni 2025<\/time><\/span><\/div><\/div><\/div><\/div>\n        <\/div>\n    <\/article><article class=\"eael-grid-post  eael-post-grid-column eael-pg-post-3814 category-interessantes\" data-id=\"3814\">\n        <div class=\"eael-grid-post-holder\">\n            <div class=\"eael-grid-post-holder-inner\"><div class=\"eael-entry-media\"><div class=\"eael-entry-overlay fade-in\"><i class=\"fas fa-long-arrow-alt-right\" aria-hidden=\"true\"><\/i><a href=\"https:\/\/naturbad-sauensiek.de\/CMS\/wordpress\/start-rasenmaehen\/\"><\/a><\/div><div class=\"eael-entry-thumbnail \">\n                <img loading=\"lazy\" decoding=\"async\" width=\"1200\" height=\"800\" src=\"https:\/\/naturbad-sauensiek.de\/CMS\/wordpress\/wp-content\/uploads\/2025\/05\/Naturbad-Sauensiek-Natur02.jpg\" class=\"attachment-full size-full wp-image-3819\" alt=\"Naturbad Sauensiek Natur 2025\" srcset=\"https:\/\/naturbad-sauensiek.de\/CMS\/wordpress\/wp-content\/uploads\/2025\/05\/Naturbad-Sauensiek-Natur02.jpg 1200w, https:\/\/naturbad-sauensiek.de\/CMS\/wordpress\/wp-content\/uploads\/2025\/05\/Naturbad-Sauensiek-Natur02-300x200.jpg 300w, https:\/\/naturbad-sauensiek.de\/CMS\/wordpress\/wp-content\/uploads\/2025\/05\/Naturbad-Sauensiek-Natur02-768x512.jpg 768w\" sizes=\"(max-width: 1200px) 100vw, 1200px\" \/>\n            <\/div>\n        <\/div><div class=\"eael-entry-wrapper\"><header class=\"eael-entry-header\"><h2 class=\"eael-entry-title\"><a class=\"eael-grid-post-link\" href=\"https:\/\/naturbad-sauensiek.de\/CMS\/wordpress\/start-rasenmaehen\/\" title=\"Die Natur ist aufgewacht\">Die Natur ist aufgewacht<\/a><\/h2><\/header><div class=\"eael-entry-content\">\n                        <div class=\"eael-grid-post-excerpt\"><p>Die Natur meldet sich zur\u00fcck und ist schon ziemlich aktiv. In Fr\u00fchlingslaune eben.<\/p><a href=\"https:\/\/naturbad-sauensiek.de\/CMS\/wordpress\/start-rasenmaehen\/\" class=\"eael-post-elements-readmore-btn\">mehr<\/a><\/div>\n                    <\/div><div class=\"eael-entry-footer\"><div class=\"eael-entry-meta\"><span class=\"eael-posted-on\"><time datetime=\"4. Mai 2025\">4. Mai 2025<\/time><\/span><\/div><\/div><\/div><\/div>\n        <\/div>\n    <\/article><article class=\"eael-grid-post  eael-post-grid-column eael-pg-post-3797 category-helfer-interessantes-sonstiges-aufgaben\" data-id=\"3797\">\n        <div class=\"eael-grid-post-holder\">\n            <div class=\"eael-grid-post-holder-inner\"><div class=\"eael-entry-media\"><div class=\"eael-entry-overlay fade-in\"><i class=\"fas fa-long-arrow-alt-right\" aria-hidden=\"true\"><\/i><a href=\"https:\/\/naturbad-sauensiek.de\/CMS\/wordpress\/lecks-sind-gefunden\/\"><\/a><\/div><div class=\"eael-entry-thumbnail \">\n                <img loading=\"lazy\" decoding=\"async\" width=\"1200\" height=\"800\" src=\"https:\/\/naturbad-sauensiek.de\/CMS\/wordpress\/wp-content\/uploads\/2025\/05\/Naturbad-Sauensiek-Lecks-dicht02.jpg\" class=\"attachment-full size-full wp-image-3801\" alt=\"Naturbad-Sauensiek-Lecks-dicht\" srcset=\"https:\/\/naturbad-sauensiek.de\/CMS\/wordpress\/wp-content\/uploads\/2025\/05\/Naturbad-Sauensiek-Lecks-dicht02.jpg 1200w, https:\/\/naturbad-sauensiek.de\/CMS\/wordpress\/wp-content\/uploads\/2025\/05\/Naturbad-Sauensiek-Lecks-dicht02-300x200.jpg 300w, https:\/\/naturbad-sauensiek.de\/CMS\/wordpress\/wp-content\/uploads\/2025\/05\/Naturbad-Sauensiek-Lecks-dicht02-768x512.jpg 768w\" sizes=\"(max-width: 1200px) 100vw, 1200px\" \/>\n            <\/div>\n        <\/div><div class=\"eael-entry-wrapper\"><header class=\"eael-entry-header\"><h2 class=\"eael-entry-title\"><a class=\"eael-grid-post-link\" href=\"https:\/\/naturbad-sauensiek.de\/CMS\/wordpress\/lecks-sind-gefunden\/\" title=\"Die Lecks sind gefunden &#8211; das Wasser bleibt im Becken\">Die Lecks sind gefunden &#8211; das Wasser bleibt<\/a><\/h2><\/header><div class=\"eael-entry-content\">\n                        <div class=\"eael-grid-post-excerpt\"><p>Die Lecks sind gefunden und konnten beseitigt werden. Die Badesaison 2025 kann kommen.<\/p><a href=\"https:\/\/naturbad-sauensiek.de\/CMS\/wordpress\/lecks-sind-gefunden\/\" class=\"eael-post-elements-readmore-btn\">mehr<\/a><\/div>\n                    <\/div><div class=\"eael-entry-footer\"><div class=\"eael-entry-meta\"><span class=\"eael-posted-on\"><time datetime=\"2. Mai 2025\">2. Mai 2025<\/time><\/span><\/div><\/div><\/div><\/div>\n        <\/div>\n    <\/article><article class=\"eael-grid-post  eael-post-grid-column eael-pg-post-3718 category-interessantes tags-faq\" data-id=\"3718\">\n        <div class=\"eael-grid-post-holder\">\n            <div class=\"eael-grid-post-holder-inner\"><div class=\"eael-entry-media\"><div class=\"eael-entry-overlay fade-in\"><i class=\"fas fa-long-arrow-alt-right\" aria-hidden=\"true\"><\/i><a href=\"https:\/\/naturbad-sauensiek.de\/CMS\/wordpress\/antworten-auf-wiederkehrende-fragen\/\"><\/a><\/div><div class=\"eael-entry-thumbnail \">\n                <img loading=\"lazy\" decoding=\"async\" width=\"400\" height=\"300\" src=\"https:\/\/naturbad-sauensiek.de\/CMS\/wordpress\/wp-content\/uploads\/2025\/04\/QnA-sm.jpg\" class=\"attachment-full size-full wp-image-3749\" alt=\"Naturbad-Sauensiek: Fragen und Antworten\" srcset=\"https:\/\/naturbad-sauensiek.de\/CMS\/wordpress\/wp-content\/uploads\/2025\/04\/QnA-sm.jpg 400w, https:\/\/naturbad-sauensiek.de\/CMS\/wordpress\/wp-content\/uploads\/2025\/04\/QnA-sm-300x225.jpg 300w\" sizes=\"(max-width: 400px) 100vw, 400px\" \/>\n            <\/div>\n        <\/div><div class=\"eael-entry-wrapper\"><header class=\"eael-entry-header\"><h2 class=\"eael-entry-title\"><a class=\"eael-grid-post-link\" href=\"https:\/\/naturbad-sauensiek.de\/CMS\/wordpress\/antworten-auf-wiederkehrende-fragen\/\" title=\"Antworten auf immer wiederkehrende Fragen\">Antworten auf immer wiederkehrende Fragen<\/a><\/h2><\/header><div class=\"eael-entry-content\">\n                        <div class=\"eael-grid-post-excerpt\"><p>Hier sind ein paar Antworten zu Fragen, die uns immer wieder von neuem gestellt werden<\/p><a href=\"https:\/\/naturbad-sauensiek.de\/CMS\/wordpress\/antworten-auf-wiederkehrende-fragen\/\" class=\"eael-post-elements-readmore-btn\">mehr<\/a><\/div>\n                    <\/div><div class=\"eael-entry-footer\"><div class=\"eael-entry-meta\"><span class=\"eael-posted-on\"><time datetime=\"9. April 2025\">9. April 2025<\/time><\/span><\/div><\/div><\/div><\/div>\n        <\/div>\n    <\/article><\/div>\n            <div class=\"clearfix\"><\/div>\n        <\/div>            <div class=\"eael-load-more-button-wrap\">\n                <button class=\"eael-load-more-button\" id=\"eael-load-more-btn-4dd2a31e\" data-widget-id=\"4dd2a31e\" data-widget=\"4dd2a31e\" data-page-id=\"836\" data-template=\"{&quot;dir&quot;:&quot;lite&quot;,&quot;file_name&quot;:&quot;one.php&quot;,&quot;name&quot;:&quot;Post-Grid&quot;}\" data-class=\"Essential_Addons_Elementor\\Elements\\Post_Grid\" data-layout=\"grid\" data-page=\"1\" data-args=\"orderby=date&amp;order=desc&amp;ignore_sticky_posts=1&amp;post_status=publish&amp;posts_per_page=9&amp;offset=0&amp;post_type=post&amp;tax_query%5B0%5D%5Btaxonomy%5D=category&amp;tax_query%5B0%5D%5Bfield%5D=term_id&amp;tax_query%5B0%5D%5Bterms%5D%5B0%5D=3&amp;tax_query%5Brelation%5D=AND\" data-max-page=\"4\">\n                    <span class=\"eael-btn-loader button__loader\"><\/span>\n                    <span class=\"eael_load_more_text\">weitere laden<\/span>\n                <\/button>\n            <\/div>\n            \t\t\t\t<\/div>\n\t\t\t\t<\/div>\n\t\t\t\t\t<\/div>\n\t\t<\/div>\n\t\t\t\t\t<\/div>\n\t\t<\/section>\n\t\t<div class=\"elementor-element elementor-element-4cd88d8 e-flex e-con-boxed e-con e-parent\" data-id=\"4cd88d8\" data-element_type=\"container\">\n\t\t\t\t\t<div class=\"e-con-inner\">\n\t\t\t\t\t<\/div>\n\t\t\t\t<\/div>\n\t\t\t\t<\/div>\n\t\t","protected":false},"excerpt":{"rendered":"<p>Interessantes Hier findet ihr die neusten Nachrichten aus dem Naturbad oder auch, was es in der Vergangenheit so Berichtenswertes gab. Hallo Leute! Wir sind die Leitungscrew und k\u00fcmmern uns gerne um die Belange des Vereins. Freiwillige Helfer sind immer herzlich willkommen. mehr 10. March 2024 Voll die Natur Wir w\u00e4ren kein Naturbad, wenn wir nicht [&hellip;]<\/p>\n","protected":false},"author":3,"featured_media":0,"parent":0,"menu_order":0,"comment_status":"closed","ping_status":"closed","template":"","meta":{"footnotes":""},"class_list":["post-836","page","type-page","status-publish","hentry"],"_links":{"self":[{"href":"https:\/\/naturbad-sauensiek.de\/CMS\/wordpress\/wp-json\/wp\/v2\/pages\/836","targetHints":{"allow":["GET"]}}],"collection":[{"href":"https:\/\/naturbad-sauensiek.de\/CMS\/wordpress\/wp-json\/wp\/v2\/pages"}],"about":[{"href":"https:\/\/naturbad-sauensiek.de\/CMS\/wordpress\/wp-json\/wp\/v2\/types\/page"}],"author":[{"embeddable":true,"href":"https:\/\/naturbad-sauensiek.de\/CMS\/wordpress\/wp-json\/wp\/v2\/users\/3"}],"replies":[{"embeddable":true,"href":"https:\/\/naturbad-sauensiek.de\/CMS\/wordpress\/wp-json\/wp\/v2\/comments?post=836"}],"version-history":[{"count":74,"href":"https:\/\/naturbad-sauensiek.de\/CMS\/wordpress\/wp-json\/wp\/v2\/pages\/836\/revisions"}],"predecessor-version":[{"id":2592,"href":"https:\/\/naturbad-sauensiek.de\/CMS\/wordpress\/wp-json\/wp\/v2\/pages\/836\/revisions\/2592"}],"wp:attachment":[{"href":"https:\/\/naturbad-sauensiek.de\/CMS\/wordpress\/wp-json\/wp\/v2\/media?parent=836"}],"curies":[{"name":"wp","href":"https:\/\/api.w.org\/{rel}","templated":true}]}}